7 composite?
False
Is 69297611 prime?
True
Is 57009083 a composite number?
False
Is 9250607 a composite number?
False
Is 6449251 a composite number?
True
Is 117923479 composite?
True
Is 25048553 a prime number?
False
Is 86712355 a prime number?
False
Is 3165491 composite?
True
Is 2442941 a prime number?
True
Is 191159769 composite?
True
Is 4814987 a prime number?
True
Is 52624549 a prime number?
False
Is 8500109 a prime number?
True
Is 31185211 composite?
True
Is 7376167 prime?
True
Is 443106349 prime?
False
Is 2763281 a prime number?
False
Is 2193461 a composite number?
True
Is 3959441 a composite number?
False
Is 7637213 composite?
False
Is 9774143 composite?
False
Is 322139 a composite number?
False
Is 149300693 composite?
False
Is 63626033 a prime number?
True
Is 44118463 composite?
False
Is 621927721 composite?
False
Is 37762265 prime?
False
Is 53657 a prime number?
True
Is 554131 a composite number?
True
Is 4514515 a prime number?
False
Is 8555483 prime?
False
Is 54045466 a prime number?
False
Is 195405677 composite?
True
Is 44914171 prime?
False
Is 62897651 a composite number?
True
Is 3282049 composite?
True
Is 7101929 prime?
False
Is 41676721 a composite number?
False
Is 2210282 prime?
False
Is 10526113 prime?
False
Is 12861553 prime?
True
Is 8244407 a prime number?
True
Is 449341765 a composite number?
True
Is 16362431 prime?
True
Is 4892819 composite?
False
Is 826477 composite?
False
Is 142924919 a composite number?
True
Is 6023461 a composite number?
False
Is 154349857 a prime number?
True
Is 3944113 a prime number?
False
Is 3815419 a prime number?
False
Is 2263234 composite?
True
Is 43886393 a composite number?
False
Is 39582899 composite?
False
Is 2690511 composite?
True
Is 21810287 prime?
True
Is 38317 a prime number?
True
Is 18570322 a composite number?
True
Is 427403 a prime number?
True
Is 3173189 composite?
False
Is 596000147 prime?
True
Is 4014383 a prime number?
False
Is 497821 a composite number?
True
Is 33847031 a composite number?
True
Is 213859361 composite?
False
Is 111113779 prime?
False
Is 6176513 prime?
False
Is 296281 composite?
True
Is 120602701 a prime number?
False
Is 2852051 composite?
False
Is 59771 composite?
False
Is 64137707 composite?
True
Is 186045031 composite?
True
Is 7941779 composite?
False
Is 120401899 composite?
False
Is 70759697 a composite number?
True
Is 43565793 a composite number?
True
Is 10022291 a composite number?
True
Is 2804497 a prime number?
True
Is 15732113 a composite number?
False
Is 262690121 a composite number?
True
Is 8170093 a composite number?
False
Is 88786043 prime?
True
Is 32085847 a composite number?
False
Is 252923729 prime?
True
Is 1232521 composite?
True
Is 63321371 prime?
True
Is 897073093 a composite number?
True
Is 1631741 a composite number?
False
Is 1932761 composite?
False
Is 2839651 prime?
False
Is 18329 a prime number?
True
Is 35915417 a composite number?
True
Is 78003271 a composite number?
False
Is 94876231 prime?
True
Is 238396567 composite?
False
Is 160484759 a composite number?
True
Is 2222086 composite?
True
Is 12037489 composite?
False
Is 17814221 prime?
True
Is 110779801 a composite number?
True
Is 208439647 prime?
False
Is 42561751 composite?
True
Is 193854809 prime?
True
Is 215912951 prime?
True
Is 124256563 composite?
True
Is 44923 a composite number?
True
Is 2510771 composite?
False
Is 52808513 prime?
True
Is 262410017 a composite number?
False
Is 8825321 prime?
True
Is 317881 a composite number?
True
Is 576781 composite?
True
Is 3017669 prime?
False
Is 18129523 a composite number?
True
Is 142026473 composite?
True
Is 2360251 a composite number?
True
Is 101808287 prime?
False
Is 662117113 a prime number?
False
Is 38622253 prime?
False
Is 16806593 prime?
False
Is 38584151 composite?
False
Is 93643 a prime number?
False
Is 157538317 prime?
True
Is 29454869 a composite number?
True
Is 187273 prime?
True
Is 3272957 a composite number?
True
Is 2588141 prime?
True
Is 18432389 a prime number?
True
Is 1755133 a prime number?
True
Is 60805427 composite?
False
Is 13341026 composite?
True
Is 33803587 a composite number?
True
Is 31969549 a prime number?
False
Is 10982599 composite?
True
Is 97375037 composite?
False
Is 352954307 a composite number?
False
Is 9259687 composite?
True
Is 87090991 a prime number?
False
Is 322077543 prime?
False
Is 11278681 prime?
True
Is 112858367 composite?
False
Is 9623093 composite?
False
Is 24384673 prime?
True
Is 219007 a prime number?
False
Is 164701 a prime number?
True
Is 625402 composite?
True
Is 1993679 composite?
False
Is 113513849 composite?
True
Is 99638957 composite?
True
Is 91563643 composite?
True
Is 68996647 prime?
True
Is 26146111 composite?
False
Is 17424859 a composite number?
False
Is 600644831 a composite number?
False
Is 830693 a prime number?
True
Is 21925027 a composite number?
True
Is 632591 composite?
False
Is 113501761 a prime number?
True
Is 1042571 a prime number?
True
Is 26524781 a prime number?
True
Is 145320499 a composite number?
False
Is 97740073 composite?
True
Is 1836845 prime?
False
Is 1737461 composite?
True
Is 826687 a composite number?
True
Is 3168257 a prime number?
True
Is 127331 a composite number?
False
Is 1639147 prime?
True
Is 13719479 a prime number?
True
Is 10790561 a composite number?
False
Is 487838041 a prime number?
False
Is 10442149 a prime number?
False
Is 912809 a composite number?
False
Is 3617599 a prime number?
True
Is 26713553 composite?
True
Is 1391461 a prime number?
True
Is 14674651 composite?
False
Is 1020827 a composite number?
False
Is 145117031 a composite number?
False
Is 10171085 composite?
True
Is 9475751 prime?
True
Is 4891654 a prime number?
False
Is 249883 a prime number?
False
Is 3050699 a composite number?
True
Is 49557439 composite?
True
Is 29374885 prime?
False
Is 158744791 prime?
False
Is 758797 a composite number?
True
Is 555905969 a prime number?
False
Is 106 prime?
False
Is 127734251 composite?
True
Is 224128417 composite?
False
Is 6765743 a prime number?
True
Is 62539543 a composite number?
True
Is 149456651 a composite number?
False
Is 34554361 composite?
False
Is 710522 a prime number?
False
Is 10122589 composite?
False
Is 10293781 prime?
True
Is 551014627 a composite number?
False
Is 643632077 composite?
True
Is 9753347 composite?
True
Is 4527197 prime?
True
Is 11758651 composite?
True
Is 57003745 prime?
False
Is 1946537 prime?
True
Is 65641949 a composite number?
True
Is 44851369 prime?
True
Is 105025309 prime?
True
Is 20034887 composite?
False
Is 6836041 a composite number?
True
Is 19153811 a prime number?
True
Is 41758207 prime?
True
Is 5606137 prime?
True
Is 38683123 prime?
False
Is 821102 prime?
False
Is 2729771 a prime number?
False
Is 418049 a prime number?
False
Is 856411 a prime number?
True
Is 4666099 prime?
False
Is 747917 a prime number?
True
Is 877327 prime?
False
Is 16449637 a composite number?
True
Is 901 a composite number?
True
Is 56981993 a composite number?
False
Is 2035643 a composite number?
True
Is 21229631 a prime number?
False
Is 2048549 a prime number?
False
Is 57696439 composite?
True
Is 182839619 composite?
False
Is 2923727 a composite number?
False
Is 27707737 a prime number?
True
Is 6409639 a prime number?
False
Is 536755 a prime number?
False
Is 44133107 a composite number?
True
Is 1288099 prime?
True
Is 2398471 a composite number?
False
Is 18828353 composite?
False
Is 2223191 a composite number?
True
Is 15399471 a composite number?
True
Is 140336971 composite?
True
Is 124360637 prime?
False
Is 63235979 prime?
False
Is 380581403 a prime number?
True
Is 41342701 prime?
True
Is 1030349 a prime number?
True
Is 2251857469 a prime number?
True
Is 61636177 prime?
True
Is 3016817 composite?
False
Is 8043769 prime?
True
Is 679513 composite?
True
Is 1782309 a prime number?
False
Is 7250561 composite?
False
Is 4204399 prime?
False
Is 363389963 prime?
True
Is 842617 a composite number?
False
Is 1797893 a composite number?
False
Is 8080063 prime?
True
Is 12175921 prime?
False
Is 295483141 a composite number?
False
Is 5087507 composite?
True
Is 369536665 a composite number?
True
Is 58440161 a prime number?
False
Is 69213589 a composite number?
True
Is 174883339 composite?
False
Is 654221 a composite number?
False
Is 37691 composite?